4402354?
4
What is the ten thousands digit of 4385109?
8
What is the millions digit of 88487636?
8
What is the millions digit of 125589023?
5
What is the hundred thousands digit of 161077460?
0
What is the hundreds digit of 4711297517?
5
What is the thousands digit of 462266378?
6
What is the thousands digit of 2535921?
5
What is the thousands digit of 3116533388?
3
What is the hundreds digit of 38071886?
8
What is the hundred thousands digit of 397966391?
9
What is the thousands digit of 2483527942?
7
What is the tens digit of 510929167?
6
What is the hundreds digit of 43852403?
4
What is the ten thousands digit of 3365185148?
8
What is the thousands digit of 54402594?
2
What is the millions digit of 1046651042?
6
What is the hundred thousands digit of 378002281?
0
What is the millions digit of 45995566?
5
What is the ten millions digit of 805526456?
0
What is the units digit of 2479441354?
4
What is the hundred millions digit of 238801448?
2
What is the ten millions digit of 947309567?
4
What is the ten millions digit of 18904024?
1
What is the hundreds digit of 58818124?
1
What is the ten thousands digit of 1145987416?
8
What is the units digit of 18673876?
6
What is the hundred millions digit of 130640174?
1
What is the units digit of 445223246?
6
What is the ten millions digit of 119865623?
1
What is the hundred thousands digit of 111450272?
4
What is the hundreds digit of 132815241?
2
What is the hundred thousands digit of 39120897?
1
What is the ten millions digit of 33700931?
3
What is the hundred thousands digit of 42165308?
1
What is the thousands digit of 352514249?
4
What is the millions digit of 5303788241?
3
What is the millions digit of 139610399?
9
What is the thousands digit of 32469502?
9
What is the tens digit of 27131322?
2
What is the ten thousands digit of 1242492538?
9
What is the tens digit of 1869889882?
8
What is the thousands digit of 171949309?
9
What is the tens digit of 18287847?
4
What is the millions digit of 190283960?
0
What is the millions digit of 4693692772?
3
What is the units digit of 36381993?
3
What is the hundreds digit of 44509644?
6
What is the ten thousands digit of 89703270?
0
What is the units digit of 73784956?
6
What is the thousands digit of 34186748?
6
What is the billions digit of 1082411463?
1
What is the units digit of 39106886?
6
What is the hundred thousands digit of 56708258?
7
What is the hundreds digit of 1656837374?
3
What is the ten thousands digit of 378558361?
5
What is the millions digit of 46906087?
6
What is the hundred thousands digit of 853928666?
9
What is the hundred millions digit of 321314665?
3
What is the hundred thousands digit of 98963745?
9
What is the hundred millions digit of 835603021?
8
What is the thousands digit of 485385377?
5
What is the millions digit of 108579564?
8
What is the ten thousands digit of 4789469?
8
What is the hundred millions digit of 4449099740?
4
What is the hundreds digit of 319982329?
3
What is the tens digit of 139814870?
7
What is the units digit of 1517044864?
4
What is the hundred millions digit of 3869269344?
8
What is the millions digit of 460802999?
0
What is the thousands digit of 3042532126?
2
What is the hundred thousands digit of 210625398?
6
What is the tens digit of 741038128?
2
What is the tens digit of 24589245?
4
What is the thousands digit of 182476428?
6
What is the ten thousands digit of 89078328?
7
What is the ten thousands digit of 7099654?
9
What is the ten thousands digit of 70182894?
8
What is the units digit of 5254368698?
8
What is the ten thousands digit of 791430758?
3
What is the hundred millions digit of 279075264?
2
What is the tens digit of 155740808?
0
What is the billions digit of 5048490118?
5
What is the hundreds digit of 227483182?
1
What is the millions digit of 6686482373?
6
What is the millions digit of 93571120?
3
What is the ten thousands digit of 486937011?
3
What is the hundred millions digit of 907987537?
9
What is the ten thousands digit of 466434598?
3
What is the units digit of 4071657257?
7
What is the ten thousands digit of 13464519?
6
What is the hundreds digit of 44953250?
2
What is the hundreds digit of 1392406789?
7
What is the tens digit of 1656020788?
8
What is the millions digit of 320291449?
0
What is the units digit of 401308921?
1
What is the thousands digit of 674123672?
3
What is the tens digit of 245583228?
2
What is the hundreds digit of 201599174?
1
What is the tens digit of 2292637394?
9
What is the tens digit of 3290471993?
9
What is the hundred millions digit of 154415590?
1
What is the billions digit of 1386614409?
1
What is the millions digit of 2519074724?
9
What is the thousands digit of 1421925692?
5
What is the thousands digit of 6267425?
7
What is the hundreds digit of 60232342?
3
What is the millions digit of 543458661?
3
What is the hundred thousands digit of 34186077?
1
What is the hundred thousands digit of 1245517711?
5
What is the ten millions digit of 309103324?
0
What is the tens digit of 579937256?
5
What is the ten thousands digit of 2635004451?
0
What is the ten thousands digit of 3005536342?
3
What is the hundreds digit of 161990099?
0
What is the hundred thousands digit of 54556300?
5
What is the hundreds digit of 71516953?
9
What is the ten millions digit of 792480557?
9
What is the ten thousands digit of 47638765?
3
What is the millions digit of 55970602?
5
What is the hundred millions digit of 615563361?
6
What is the thousands digit of 455080823?
0
What is the hundred millions digit of 223442986?
2
What is the thousands digit of 978931263?
1
What is the thousands digit of 23261949?
1
What is the hundred millions digit of 3099829283?
0
What is the ten millions digit of 2809663074?
0
What is the thousands digit of 5840783?
0
What is the millions digit of 1235036971?
5
What is the tens digit of 22445841?
4
What is the ten millions digit of 833229568?
3
What is the thousands digit of 844715888?
5
What is the hundred millions digit of 140146436?
1
What is the hundreds digit of 27330386?
3
What is the ten thousands digit of 55438887?
3
What is the ten thousands digit of 980099115?
9
What is the units digit of 4083941664?
4
What is the ten millions digit of 42361711?
4
What is the ten millions digit of 48479114?
4
What is the thousands digit of 19932631?
2
What is the tens digit of 284305281?
8
What is the ten thousands digit of 327633488?
3
What is the millions digit of 43394755?
3
What is the ten millions digit of 2300120263?
0
What is the ten millions digit of 107501476?
0
What is the thousands digit of 238628349?
8
What is the ten thousands digit of 9068625166?
2
What is the ten millions digit of 27489320?
2
What is the hundred millions digit of 3657192898?
6
What is the hundreds digit of 625167203?
2
What is the tens digit of 963526742?
4
What is the tens digit of 406028111?
1
What is the ten millions digit of 1873234591?
7
What is the millions digit of 46166976?
6
What is the ten millions digit of 26162845?
2
What is the units digit of 392229747?
7
What is the thousands digit of 328506886?
6
What is the units digit of 632731418?
8
What is the millions digit of 875705705?
5
What is the thousands digit of 97770252?
0
What is the millions digit of 2759167678?
9
What is the millions digit of 1571212944?
1
What is the thousands digit of 156516268?
6
What is the tens digit of 16394643?
4
What is the hundred millions digit of 1847892604?
8
What is the ten thousands digit of 35898928?
9
What is the millions digit of 626566859?
6
What is the thousands digit of 1727227943?
7
What is the hundreds digit of 180118008?
0
What is the hundreds digit of 4687680511?
5
What is the thousands digit of 112178027?
8
What is the hundred thousands digit of 2799207?
7
What is the hundred thousands digit of 53239323?
2
What is the tens digit of 2675217808?
0
What is the hundreds digit of 70381106?
1
What is the millions digit of 161844879?
1
What is the tens digit of 16978427?
2
What is the ten thousands digit of 15184855?
8
What is the thousands digit of 5915722?
5
What is the millions digit of 41571831?
1
What is the ten millions digit of 44146861?
4
What is the ten thousands digit of 12605555?
0
What is the billions digit of 7967439072?
7
What is the hundred millions di